{"id":1541,"date":"2017-01-19T20:38:51","date_gmt":"2017-01-19T20:38:51","guid":{"rendered":"http:\/\/pronas.proinas.net\/producto\/krystal\/"},"modified":"2022-04-07T22:40:26","modified_gmt":"2022-04-07T22:40:26","slug":"crystal","status":"publish","type":"product","link":"https:\/\/www.proinas.com\/en\/product\/crystal\/","title":{"rendered":"CRYSTAL"},"content":{"rendered":"<p style=\"text-align: justify;\"><strong>Limpiador para vidrios.<\/strong><\/p>\n<ul>\n<li style=\"text-align: justify;\">Es una mezcla homog\u00e9nea de agentes limpiadores, soluci\u00f3n alcoh\u00f3lica, fragancia y desengrasante en un veh\u00edculo acuoso.<\/li>\n<li style=\"text-align: justify;\">Repele la suciedad, polvo y holl\u00edn.<\/li>\n<li style=\"text-align: justify;\">Resiste ralladuras, marcas, manchas de humo y\u00a0agua.<\/li>\n<li style=\"text-align: justify;\">No deja residuos, pel\u00edculas pegajosas ni\u00a0dep\u00f3sitos.<\/li>\n<\/ul>\n<p style=\"text-align: center;\"><a href=\"https:\/\/www.proinas.com\/wp-content\/uploads\/2022\/03\/CRYSTAL_Ficha_Comercial-protegido.pdf\" target=\"_blank\" rel=\"noopener noreferrer\">FICHA COMERCIAL<\/a><\/p>\n<p style=\"text-align: center;\"><a href=\"http:\/\/www.proinas.com\/en\/contact-us\/\">FICHA T\u00c9CNICA<\/a><\/p>\n<p style=\"text-align: center;\"><a href=\"http:\/\/www.proinas.com\/en\/contact-us\/\">FICHA COMERCIAL<\/a><\/p>","protected":false},"excerpt":{"rendered":"<p>Limpiador para vidrios. Es una mezcla homog\u00e9nea de agentes limpiadores, soluci\u00f3n alcoh\u00f3lica, fragancia y desengrasante en un veh\u00edculo acuoso. Repele la suciedad, polvo y holl\u00edn. Resiste ralladuras, marcas, manchas de humo y\u00a0agua. No deja residuos, pel\u00edculas pegajosas ni\u00a0dep\u00f3sitos. FICHA COMERCIAL FICHA T\u00c9CNICA FICHA COMERCIAL<\/p>","protected":false},"featured_media":3347,"template":"","meta":[],"product_brand":[],"product_cat":[25,174,164],"product_tag":[],"class_list":{"0":"post-1541","1":"product","2":"type-product","3":"status-publish","4":"has-post-thumbnail","6":"product_cat-linea-azul","7":"product_cat-linea-azul-alimentos","8":"product_cat-linea-azul-institucional","10":"first","11":"instock","12":"taxable","13":"shipping-taxable","14":"product-type-simple"},"_links":{"self":[{"href":"https:\/\/www.proinas.com\/en\/wp-json\/wp\/v2\/product\/1541","targetHints":{"allow":["GET"]}}],"collection":[{"href":"https:\/\/www.proinas.com\/en\/wp-json\/wp\/v2\/product"}],"about":[{"href":"https:\/\/www.proinas.com\/en\/wp-json\/wp\/v2\/types\/product"}],"wp:featuredmedia":[{"embeddable":true,"href":"https:\/\/www.proinas.com\/en\/wp-json\/wp\/v2\/media\/3347"}],"wp:attachment":[{"href":"https:\/\/www.proinas.com\/en\/wp-json\/wp\/v2\/media?parent=1541"}],"wp:term":[{"taxonomy":"product_brand","embeddable":true,"href":"https:\/\/www.proinas.com\/en\/wp-json\/wp\/v2\/product_brand?post=1541"},{"taxonomy":"product_cat","embeddable":true,"href":"https:\/\/www.proinas.com\/en\/wp-json\/wp\/v2\/product_cat?post=1541"},{"taxonomy":"product_tag","embeddable":true,"href":"https:\/\/www.proinas.com\/en\/wp-json\/wp\/v2\/product_tag?post=1541"}],"curies":[{"name":"wp","href":"https:\/\/api.w.org\/{rel}","templated":true}]}}

<p style="text-align: justify;"><strong>Limpiador para vidrios.</strong></p>
<ul>
<li style="text-align: justify;">Es una mezcla homogénea de agentes limpiadores, solución alcohólica, fragancia y desengrasante en un vehículo acuoso.</li>
<li style="text-align: justify;">Repele la suciedad, polvo y hollín.</li>
<li style="text-align: justify;">Resiste ralladuras, marcas, manchas de humo y agua.</li>
<li style="text-align: justify;">No deja residuos, películas pegajosas ni depósitos.</li>
</ul>
<p style="text-align: center;"><a href="https://www.proinas.com/wp-content/uploads/2022/03/CRYSTAL_Ficha_Comercial-protegido.pdf" target="_blank" rel="noopener noreferrer">FICHA COMERCIAL</a></p>
<p style="text-align: center;"><a href="http://www.proinas.com/en/contact-us/">FICHA TÉCNICA</a></p>
<p style="text-align: center;"><a href="http://www.proinas.com/en/contact-us/">FICHA COMERCIAL</a></p>

<p>Limpiador para vidrios. Es una mezcla homogénea de agentes limpiadores, solución alcohólica, fragancia y desengrasante en un vehículo acuoso. Repele la suciedad, polvo y hollín. Resiste ralladuras, marcas, manchas de humo y agua. No deja residuos, películas pegajosas ni depósitos. FICHA COMERCIAL FICHA TÉCNICA FICHA COMERCIAL</p>
